32?
16
What is the highest common divisor of 3173 and 668?
167
Calculate the highest common factor of 27833 and 13.
13
Calculate the greatest common divisor of 5757 and 19.
19
What is the greatest common factor of 36 and 135?
9
What is the greatest common factor of 66 and 18?
6
What is the highest common factor of 53 and 1643?
53
What is the highest common factor of 14147 and 94?
47
What is the highest common factor of 480 and 330?
30
Calculate the highest common factor of 126 and 14.
14
What is the greatest common factor of 725 and 464?
29
What is the greatest common factor of 2639 and 455?
91
What is the greatest common factor of 9 and 34?
1
What is the highest common divisor of 2952 and 27?
9
What is the greatest common divisor of 15 and 11115?
15
Calculate the greatest common divisor of 2321 and 11.
11
What is the greatest common factor of 3458 and 76?
38
What is the highest common divisor of 1037 and 427?
61
Calculate the greatest common divisor of 17 and 493.
17
What is the greatest common factor of 86 and 4902?
86
Calculate the greatest common divisor of 1174 and 2.
2
Calculate the greatest common divisor of 2266 and 103.
103
What is the highest common factor of 4761 and 414?
207
Calculate the highest common factor of 575 and 69.
23
What is the greatest common divisor of 451 and 82?
41
Calculate the highest common factor of 36 and 8.
4
Calculate the greatest common divisor of 12 and 112884.
12
Calculate the highest common divisor of 2646 and 2538.
54
Calculate the greatest common divisor of 3741 and 1032.
129
Calculate the highest common factor of 380 and 76.
76
What is the highest common divisor of 210 and 40?
10
What is the greatest common factor of 73 and 14965?
73
Calculate the highest common factor of 96 and 7332.
12
What is the highest common factor of 99 and 77?
11
What is the greatest common factor of 13 and 377?
13
Calculate the greatest common factor of 7 and 9.
1
Calculate the greatest common divisor of 16 and 6544.
16
What is the highest common divisor of 23 and 368?
23
Calculate the greatest common divisor of 114 and 627.
57
What is the highest common divisor of 3488 and 32?
32
What is the highest common factor of 1675 and 5360?
335
What is the greatest common factor of 77789 and 107?
107
What is the greatest common factor of 42 and 162?
6
Calculate the highest common divisor of 1647 and 27.
27
What is the greatest common divisor of 580 and 20?
20
Calculate the highest common factor of 243 and 594.
27
What is the highest common divisor of 16 and 18064?
16
What is the greatest common factor of 32 and 2272?
32
What is the highest common factor of 35 and 5?
5
Calculate the greatest common divisor of 548 and 29318.
274
What is the highest common factor of 216 and 3096?
72
What is the highest common factor of 24 and 232?
8
Calculate the highest common divisor of 14 and 77.
7
What is the highest common divisor of 791 and 14?
7
Calculate the highest common factor of 52 and 338.
26
Calculate the greatest common divisor of 12 and 24.
12
Calculate the highest common factor of 42 and 483.
21
Calculate the highest common factor of 77 and 49.
7
What is the greatest common divisor of 20 and 180?
20
Calculate the greatest common factor of 2324 and 12.
4
Calculate the highest common factor of 189 and 105.
21
What is the greatest common factor of 390 and 13962?
78
What is the highest common factor of 18 and 711?
9
Calculate the greatest common divisor of 5775 and 420.
105
Calculate the highest common divisor of 390 and 1248.
78
Calculate the highest common divisor of 42 and 11382.
42
Calculate the highest common divisor of 231 and 165.
33
Calculate the highest common factor of 36 and 84.
12
Calculate the greatest common divisor of 1359 and 9.
9
What is the greatest common divisor of 8 and 676?
4
What is the highest common divisor of 1188 and 88?
44
Calculate the greatest common factor of 1080 and 504.
72
Calculate the highest common divisor of 6240 and 80.
80
Calculate the highest common factor of 73 and 11607.
73
What is the greatest common factor of 115 and 5?
5
Calculate the highest common divisor of 18 and 21.
3
What is the highest common factor of 1458 and 1728?
54
Calculate the greatest common factor of 217 and 14.
7
What is the greatest common divisor of 203 and 29?
29
Calculate the greatest common factor of 20 and 872.
4
Calculate the greatest common divisor of 220 and 20.
20
Calculate the greatest common divisor of 106 and 477.
53
Calculate the highest common divisor of 90 and 135.
45
Calculate the highest common factor of 38 and 1843.
19
What is the highest common divisor of 5562 and 18?
18
What is the highest common divisor of 80 and 1736?
8
Calculate the greatest common divisor of 77 and 682.
11
What is the greatest common divisor of 12 and 42?
6
What is the greatest common divisor of 61 and 122?
61
What is the highest common divisor of 7 and 511?
7
Calculate the highest common divisor of 70 and 112.
14
What is the highest common factor of 363 and 726?
363
Calculate the greatest common divisor of 232 and 1566.
58
What is the highest common divisor of 22 and 319?
11
What is the highest common divisor of 30 and 1470?
30
What is the greatest common divisor of 4369 and 51?
17
What is the highest common factor of 268 and 17621?
67
What is the highest common divisor of 80 and 110?
10
Calculate the highest common factor of 84 and 1218.
42
What is the greatest common factor of 1263 and 15?
3
Calculate the greatest common factor of 270 and 1134.
54
Calculate the highest common divisor of 355 and 71.
71
What is the greatest common factor of 101 and 4141?
101
What is the greatest common factor of 455 and 364?
91
What is the highest common divisor of 341 and 33?
11
What is the greatest common divisor of 333 and 6882?
111
Calculate the greatest common factor of 1062 and 18.
18
Calculate the greatest common divisor of 14 and 6356.
14
Calculate the highest common divisor of 76 and 42788.
76
Calculate the highest common divisor of 2255 and 11.
11
Calculate the greatest common divisor of 16 and 6872.
8
What is the greatest common factor of 931 and 441?
49
What is the greatest common divisor of 120 and 216?
24
What is the highest common factor of 58 and 34?
2
What is the greatest common divisor of 4935 and 42?
21
Calculate the highest common factor of 518 and 308.
14
What is the highest common factor of 207 and 432?
9
Calculate the greatest common factor of 150 and 1275.
75
Calculate the greatest common factor of 15 and 3.
3
Calculate the greatest common divisor of 46 and 2944.
46
Calculate the greatest common factor of 161 and 224.
7
Calculate the greatest common divisor of 185 and 7548.
37
What is the highest common divisor of 19 and 1?
1
What is the greatest common factor of 5319 and 27?
27
Calculate the greatest common divisor of 3894 and 66.
66
Calculate the highest common divisor of 140 and 10192.
28
Calculate the greatest common factor of 7268 and 276.
92
What is the greatest common divisor of 12 and 948?
12
What is the greatest common divisor of 84 and 21?
21
What is the greatest common factor of 9 and 225?
9
Calculate the highest common factor of 19 and 76.
19
What is the greatest common divisor of 142 and 355?
71
Calculate the highest common factor of 231 and 44.
11
What is the highest common divisor of 108 and 12?
12
What is the greatest common factor of 1173 and 136?
17
What is the greatest common divisor of 13456 and 16?
16
Calculate the highest common factor of 20 and 40.
20
What is the highest common factor of 84 and 6720?
84
What is the greatest common divisor of 680 and 260?
20
Calculate the greatest common factor of 11532 and 279.
93
What is the greatest common divisor of 270 and 1440?
90
Calculate the greatest common divisor of 24 and 2292.
12
What is the highest common divisor of 40 and 5?
5
Calculate the greatest common divisor of 897 and 91.
13
What is the highest common factor of 40 and 1096?
8
What is the greatest common divisor of 23868 and 408?
204
Calculate the highest common divisor of 1101 and 6.
3
What is the highest common divisor of 70 and 77?
7
What is the highest common factor of 112 and 14?
14
Calculate the greatest common factor of 9374 and 172.
86
What is the greatest common divisor of 236 and 826?
118
Ca